 + x*a = 2*a - 2. Calculate the remainder when 42 is divided by (-33)/(-3)*(h - 0).
9
Let x be -8*(2 - 11/4). Let j(k) = k. Let g(r) = r**2 - 4*r + 5. Let h(l) = x*j(l) + g(l). Calculate the remainder when 37 is divided by h(-4).
11
Let b(i) = 4*i**2 - 4*i + 1. Let k be b(5). Let t = 154 - k. Calculate the remainder when t is divided by 19.
16
Suppose -o = 3*m - 51, -o + 2*m = -6*o + 216. Let g = 63 - o. Calculate the remainder when g is divided by 12.
9
Let y = -192 - -206. Let h(z) = 27*z**2 - 1. Calculate the remainder when h(-1) is divided by y.
12
Suppose -325*l = -333*l + 120. Calculate the remainder when 252 is divided by l.
12
Suppose -454 = -3*p + 2*q - 3*q, 0 = -4*p + 4*q + 616. What is the remainder when p is divided by 20?
12
Let l(p) = -p**2 - 4*p + 6. Suppose 3*w + 5*q - 26 = 0, 51 = 11*w + 5*q + 9. Calculate the remainder when w is divided by l(-5).
0
Let s(i) = 25*i + 72. Calculate the remainder when s(23) is divided by 50.
47
Suppose 23*k - 3957 = -1335. What is the remainder when 910 is divided by k?
112
Let r = 603 + -572. Suppose -1 - 14 = -5*i. Suppose -i*v + 7 = 2*s, -19 - 19 = -4*s + 2*v. What is the remainder when r is divided by s?
7
Let m(i) = 8*i**3 + i**2 + 2*i + 1. Let d be m(-1). What is the remainder when 26 is divided by 28*((-20)/d + -2)?
12
Let v = 213 - 198. Calculate the remainder when 20 is divided by v.
5
Let b(r) = 8*r + 103. Calculate the remainder when b(41) is divided by 55.
46
Suppose -129 - 123 = -4*x. Let m = -43 + x. Calculate the remainder when m is divided by ((-22)/(-3))/((-2)/(-3)).
9
Let f = -1727 - -1801. Calculate the remainder when 270 is divided by f.
48
Suppose 3*d + 0*d = -2*v + 284, -d + 98 = 4*v. Calculate the remainder when d is divided by 40.
14
Let l = 41 + -19. Suppose -i - 2*z + 11 = 0, -i = i - z - l. Let m(u) = 4*u + 8. Calculate the remainder when m(6) is divided by i.
10
Let h = -40 + 36. What is the remainder when 15 is divided by (-30)/h + (-6)/12 + 1?
7
Suppose -2*u + 10 = -3*c - 79, -3*c + 40 = u. Suppose -8*y = -45 - u. What is the remainder when 42 is divided by y?
9
Let o(a) = a + 20. Let p be o(0). What is the remainder when 158 is divided by (-516)/(-26) - p/(-130)?
18
Let m = 11 - 12. Calculate the remainder when 137 is divided by 1 - (0 - m) - -46.
45
Let w be -8 + 11 + (0 - -28). Suppose 3*f + 0 = -a + 19, 3*f = -4*a + w. Suppose 0 = a*r - 12 - 0. Calculate the remainder when 10 is divided by r.
1
Let b(o) = -o**3 - 10*o**2 + 7*o - 3. Let y be b(-10). Let u = 43 - y. What is the remainder when u is divided by 30?
26
Let y(k) = 3*k**2 - 4*k + 4. Let c be 1/(-3)*-21 - 2. Calculate the remainder when y(c) is divided by 31.
28
Suppose 0 = 4*z + 26 - 58. Calculate the remainder when 191 is divided by z.
7
Let x(g) = -7*g**3 - 5*g**2 + 85*g + 266. Suppose -2*p + 3*i + 39 = 0, -3*i - 37 = -p + 2*i. Calculate the remainder when x(-3) is divided by p.
11
Suppose -2*z + z = 4*c - 1441, -3*z - 9 = 0. What is the remainder when c is divided by 13?
10
Let i = 8 + 5. Suppose 5*b - 4*m + 2*m - 10 = 0, 0 = -5*m. Suppose p - 7 = -b*v + 16, 5*p - 115 = -5*v. Calculate the remainder when p is divided by i.
10
Let p(f) = -15*f**3 + 3*f**2 + 4*f + 1. What is the remainder when p(-1) is divided by 3?
0
Suppose -4*k - x - 8 = -73, 3*k = -2*x + 45. What is the remainder when 58 is divided by k?
7
Suppose 0 = -1239*k + 1241*k - 274. Calculate the remainder when k is divided by 44.
5
Calculate the remainder when (26/10)/(3/675*5) is divided by 31.
24
Suppose 126 = -6*r + 186. Calculate the remainder when 32 is divided by r.
2
Suppose -6*s + 17 + 31 = 0. What is the remainder when s is divided by ((-24)/(-28))/(1/7)?
2
Let z(v) = -v**2 - 12*v - 16. Let y be z(-12). Let f = 45 + y. What is the remainder when f is divided by 8?
5
Suppose 24 = 5*b + 4. Suppose -b*i - 108 = -3*j - 12, 3*j + 5*i = 96. Calculate the remainder when (-1122)/(-9) + (-9)/(-27) is divided by j.
29
Calculate the remainder when (-1 + (-46)/(-8))*(-50 - -54) is divided by (5 - 0) + 2 + -4.
1
Suppose 0 = -7*h - 12*h + 190. What is the remainder when 387 is divided by h?
7
Let d(b) = 6*b - 10. Suppose 5*j - 4 = 26. Let p be d(j). Let o = p + -13. What is the remainder when 23 is divided by o?
10
Let g = 22 + -120. Let w = g - -110. Calculate the remainder when 32 is divided by w.
8
Let q(f) = 3*f**3 - 3*f - 4. Let p be q(2). Suppose 3812 = p*s + 718. What is the remainder when s is divided by 37?
36
Calculate the remainder when 108 is divided by 33 + ((-10)/15)/(4/(-24)).
34
Suppose 252 = -9*x + 21*x. What is the remainder when 223 is divided by x?
13
Let z be (4/(-6))/((-5)/(60/(-8))). Calculate the remainder when (-3 - -13)*(z - 27/(-2)) is divided by 42.
41
Suppose 8*g = -7*g + 195. What is the remainder when 37 is divided by g?
11
Suppose h = 4*s - h - 2, -18 = -s - 3*h. Suppose -2*d + s = -2*n - 7, 2*d - 4*n = 2. Calculate the remainder when 25 is divided by d.
7
Suppose 4*z = 3*q + 824, -3*z + 804 = z + 2*q. Calculate the remainder when z is divided by 34.
33
Let p be (-25)/(-9) + (-16)/(-72). What is the remainder when p/(-12) + (-573)/(-4) is divided by 36?
35
Let v(k) = -148*k - 687. What is the remainder when 438 is divided by v(-5)?
14
Suppose 28 = 18*k - 278. What is the remainder when 90 is divided by k?
5
Let l(s) = -s + 2. Let q be l(4). Let k be q/15 - 116/30. What is the remainder when (-2)/k*(55 - -3) is divided by 10?
9
Let s(g) = -g**3 + 34*g**2 + 76*g - 71. What is the remainder when 447 is divided by s(36)?
9
Let p be 0 + 3/3 + -1. Let y = 14 + p. What is the remainder when 40 is divided by y?
12
Suppose 17*m = 9*m + 512. What is the remainder when m is divided by -2 + (-105 - 0)/(-3)?
31
Calculate the remainder when (3652/44)/(1/(-2) - -1) is divided by 13.
10
Suppose -5*j + j + 8 = 0. Suppose -5*l = -10*l + 150. Suppose -j*g + 0*g = -l. Calculate the remainder when g is divided by 4.
3
Let f = 71 - 66. Suppose 26 = 2*x - f*i, 0*i = 4*x - 3*i - 24. What is the remainder when 4 is divided by x?
1
Let m be -3 + (-1 - 4/2). Let r = 4 - m. Suppose -r*u - 65 = -11*u. Calculate the remainder when u is divided by 22.
21
Suppose 0 = -6*v + 4*v + 26. Suppose -28*q + 31*q = 108. What is the remainder when q is divided by v?
10
Suppose 159 = 8*h - 569. Suppose -7*c + 2*c - 4*t + 120 = 0, -3*c + 72 = -3*t. What is the remainder when h is divided by c?
19
Let l(g) = g**3 + 3*g**2 + 5*g - 11. What is the remainder when l(3) is divided by 15?
13
Suppose 3*t + 5 + 7 = 0, -276 = -2*s + 4*t. Let a = -74 + s. Calculate the remainder when a is divided by 29.
27
Let y(u) = -u**3 - u**2 + 7*u + 5. Calculate the remainder when ((-14)/(-1))/(4*(-8)/(-336)) is divided by y(-4).
22
Let y(f) = -f**3 + 13*f**2 - 34*f + 6. Suppose 0 = -3*m + 30. Calculate the remainder when y(9) is divided by m.
4
Let g be (-1480)/92 + (-8)/(-92). Let z = -20 - -7. Let m = z - g. Calculate the remainder when 17 is divided by m.
2
Suppose 0 = 5*s + 5, 4*s - 35 = 2*p + 3*s. Let f = p + 55. What is the remainder when 109 is divided by f?
35
Suppose 91*s - 680 = 23*s. What is the remainder when ((-68)/(-3))/(2/6) is divided by s?
8
Let m(f) be the first derivative of -2*f - 3 - 2*f**2 + 1/3*f**3. What is the remainder when m(8) is divided by 8?
6
Let g(y) = -y**3 - 9*y**2 - 13*y - 2. Suppose 9*x = x - 64. Calculate the remainder when g(x) is divided by 8.
6
Suppose -6 = -4*o - 2. Let f(s) = 46*s**3 + 2*s**2 - 2*s + 1. Let k be f(o). Suppose 4*q - k - 65 = 0. What is the remainder when q is divided by 6?
4
Let j(b) = -2*b**2 + 2*b - 2. Let t be j(1). What is the remainder when 16 is divided by ((-1)/(12/28))/(t/6)?
2
Suppose 28*z - 6160 = 6132. What is the remainder when z is divided by 7?
5
Let j(i) = -i**3 + 5*i**2 + 6*i + 11. Let z be j(6). Suppose z*b - 12*b = -11. Calculate the remainder when b is divided by 9.
2
Let q(g) = -22*g**3 + 2*g + 3. Calculate the remainder when q(-1) is divided by (-8)/24 - 37/(-3).
11
Let h(w) = -w**2 + 7*w + 3. What is the remainder when h(4) is divided by ((-32)/12)/(3/(-9))?
7
Suppose -231 = -5*l + 9. Suppose 4*o + l = -0*o. Let p = 14 + o. Calculate the remainder when p is divided by 1.
0
Suppose q + 3*q = 84. Let s = -27968 + 28029. What is the remainder when s is divided by q?
19
Let w(q) = -271*q**2 + 2*q 